{"id":43,"date":"2025-09-30T11:41:20","date_gmt":"2025-09-30T09:41:20","guid":{"rendered":"https:\/\/kadernictvipoezie.ukaztowebem.cz\/?page_id=43"},"modified":"2025-10-24T10:11:04","modified_gmt":"2025-10-24T08:11:04","slug":"strihani-s-presahem","status":"publish","type":"page","link":"https:\/\/kadernictvipoezie.cz\/index.php\/strihani-s-presahem\/","title":{"rendered":"St\u0159\u00edh\u00e1n\u00ed s p\u0159esahem"},"content":{"rendered":"<p>[et_pb_section fb_built=&#8220;1&#8243; _builder_version=&#8220;4.27.4&#8243; _module_preset=&#8220;default&#8220; custom_padding=&#8220;0px||0px||true|false&#8220; locked=&#8220;off&#8220; global_colors_info=&#8220;{}&#8220;][et_pb_row column_structure=&#8220;1_4,3_4&#8243; _builder_version=&#8220;4.27.4&#8243; _module_preset=&#8220;default&#8220; width_tablet=&#8220;&#8220; width_phone=&#8220;90%&#8220; width_last_edited=&#8220;on|phone&#8220; custom_padding=&#8220;0px||0px||false|false&#8220; pac_drh_column_numbers_tablet=&#8220;pac_drh_tab_col_two&#8220; pac_drh_column_numbers_phone=&#8220;pac_drh_phone_col_two&#8220; global_colors_info=&#8220;{}&#8220; hover_enabled=&#8220;0&#8243; sticky_enabled=&#8220;0&#8243;][et_pb_column type=&#8220;1_4&#8243; _builder_version=&#8220;4.22.1&#8243; _module_preset=&#8220;default&#8220; global_colors_info=&#8220;{}&#8220;][et_pb_image src=&#8220;https:\/\/kadernictvipoezie.cz\/wp-content\/uploads\/2025\/07\/hlava-bez-pozadi.png&#8220; title_text=&#8220;hlava-bez-pozadi&#8220; _builder_version=&#8220;4.27.4&#8243; _module_preset=&#8220;default&#8220; height=&#8220;150px&#8220; height_tablet=&#8220;150px&#8220; height_phone=&#8220;100px&#8220; height_last_edited=&#8220;on|phone&#8220; global_colors_info=&#8220;{}&#8220; sticky_enabled=&#8220;0&#8243;][\/et_pb_image][\/et_pb_column][et_pb_column type=&#8220;3_4&#8243; _builder_version=&#8220;4.27.4&#8243; _module_preset=&#8220;default&#8220; global_colors_info=&#8220;{}&#8220;][et_pb_heading title=&#8220;St\u0159\u00edh\u00e1n\u00ed s p\u0159esahem&#8220; _builder_version=&#8220;4.27.4&#8243; _module_preset=&#8220;default&#8220; title_font=&#8220;Emilys FINAL||||||||&#8220; title_font_size=&#8220;60px&#8220; module_alignment=&#8220;left&#8220; height=&#8220;150px&#8220; custom_margin=&#8220;||0px||false|false&#8220; custom_padding=&#8220;40px||0px||false|false&#8220; title_font_size_tablet=&#8220;50px&#8220; title_font_size_phone=&#8220;35px&#8220; title_font_size_last_edited=&#8220;on|phone&#8220; global_colors_info=&#8220;{}&#8220; custom_padding_phone=&#8220;30px||0px||false|false&#8220; custom_padding_last_edited=&#8220;on|phone&#8220; custom_padding_tablet=&#8220;40px||0px||false|false&#8220;][\/et_pb_heading][\/et_pb_column][\/et_pb_row][\/et_pb_section][et_pb_section fb_built=&#8220;1&#8243; _builder_version=&#8220;4.27.4&#8243; _module_preset=&#8220;default&#8220; background_color=&#8220;rgba(122,122,122,0.09)&#8220; global_colors_info=&#8220;{}&#8220;][et_pb_row _builder_version=&#8220;4.27.4&#8243; _module_preset=&#8220;default&#8220; width_tablet=&#8220;&#8220; width_phone=&#8220;90%&#8220; width_last_edited=&#8220;on|phone&#8220; hover_enabled=&#8220;0&#8243; global_colors_info=&#8220;{}&#8220; sticky_enabled=&#8220;0&#8243;][et_pb_column type=&#8220;4_4&#8243; _builder_version=&#8220;4.22.1&#8243; _module_preset=&#8220;default&#8220; global_colors_info=&#8220;{}&#8220;][et_pb_text _builder_version=&#8220;4.27.4&#8243; _module_preset=&#8220;default&#8220; hover_enabled=&#8220;0&#8243; text_font_size_tablet=&#8220;&#8220; text_font_size_phone=&#8220;13px&#8220; text_font_size_last_edited=&#8220;on|phone&#8220; global_colors_info=&#8220;{}&#8220; sticky_enabled=&#8220;0&#8243;]<\/p>\n<p>Pokud budete cht\u00edt, m\u016f\u017eete setk\u00e1n\u00ed uchopit jako ur\u010ditou <strong>formu RITU\u00c1LU<\/strong>, kdy si do procesu st\u0159\u00edh\u00e1n\u00ed <strong>vlo\u017e\u00edte Z\u00c1M\u011aR<\/strong>.<\/p>\n<p>Nap\u0159\u00edklad ukon\u010den\u00ed, odst\u0159i\u017een\u00ed n\u011b\u010deho, co u\u017e nepot\u0159ebujete&#8230;<\/p>\n<p>&nbsp;<\/p>\n<p>Cel\u00e9 setk\u00e1n\u00ed je o vz\u00e1jemn\u00e9 <strong>d\u016fv\u011b\u0159e<\/strong>, <strong>spolupr\u00e1ci<\/strong> a p\u0159\u00edpadn\u00e9m <strong>sd\u00edlen\u00ed<\/strong>, kde vyvst\u00e1v\u00e1 v\u0161e co m\u00e1 b\u00fdt zv\u011bdom\u011bno &#8211; \u0159e\u010deno.<\/p>\n<p>[\/et_pb_text][\/et_pb_column][\/et_pb_row][\/et_pb_section][et_pb_section fb_built=&#8220;1&#8243; _builder_version=&#8220;4.27.4&#8243; _module_preset=&#8220;default&#8220; background_enable_color=&#8220;off&#8220; custom_margin=&#8220;0px||0px||false|false&#8220; custom_padding=&#8220;0px||0px||false|false&#8220; global_colors_info=&#8220;{}&#8220;][\/et_pb_section]<\/p>\n","protected":false},"excerpt":{"rendered":"<p>Pokud budete cht\u00edt, m\u016f\u017eete setk\u00e1n\u00ed uchopit jako ur\u010ditou formu RITU\u00c1LU, kdy si do procesu st\u0159\u00edh\u00e1n\u00ed vlo\u017e\u00edte Z\u00c1M\u011aR. Nap\u0159\u00edklad ukon\u010den\u00ed, odst\u0159i\u017een\u00ed n\u011b\u010deho, co u\u017e nepot\u0159ebujete&#8230; &nbsp; Cel\u00e9 setk\u00e1n\u00ed je o vz\u00e1jemn\u00e9 d\u016fv\u011b\u0159e, spolupr\u00e1ci a p\u0159\u00edpadn\u00e9m sd\u00edlen\u00ed, kde vyvst\u00e1v\u00e1 v\u0161e co m\u00e1 b\u00fdt zv\u011bdom\u011bno &#8211; \u0159e\u010deno.<\/p>\n","protected":false},"author":1,"featured_media":0,"parent":0,"menu_order":0,"comment_status":"closed","ping_status":"closed","template":"","meta":{"_et_pb_use_builder":"on","_et_pb_old_content":"","_et_gb_content_width":"","footnotes":""},"class_list":["post-43","page","type-page","status-publish","hentry"],"_links":{"self":[{"href":"https:\/\/kadernictvipoezie.cz\/index.php\/wp-json\/wp\/v2\/pages\/43","targetHints":{"allow":["GET"]}}],"collection":[{"href":"https:\/\/kadernictvipoezie.cz\/index.php\/wp-json\/wp\/v2\/pages"}],"about":[{"href":"https:\/\/kadernictvipoezie.cz\/index.php\/wp-json\/wp\/v2\/types\/page"}],"author":[{"embeddable":true,"href":"https:\/\/kadernictvipoezie.cz\/index.php\/wp-json\/wp\/v2\/users\/1"}],"replies":[{"embeddable":true,"href":"https:\/\/kadernictvipoezie.cz\/index.php\/wp-json\/wp\/v2\/comments?post=43"}],"version-history":[{"count":19,"href":"https:\/\/kadernictvipoezie.cz\/index.php\/wp-json\/wp\/v2\/pages\/43\/revisions"}],"predecessor-version":[{"id":529,"href":"https:\/\/kadernictvipoezie.cz\/index.php\/wp-json\/wp\/v2\/pages\/43\/revisions\/529"}],"wp:attachment":[{"href":"https:\/\/kadernictvipoezie.cz\/index.php\/wp-json\/wp\/v2\/media?parent=43"}],"curies":[{"name":"wp","href":"https:\/\/api.w.org\/{rel}","templated":true}]}}

Stříhání s přesahem

<p>[et_pb_section fb_built=&#8220;1&#8243; _builder_version=&#8220;4.27.4&#8243; _module_preset=&#8220;default&#8220; custom_padding=&#8220;0px||0px||true|false&#8220; locked=&#8220;off&#8220; global_colors_info=&#8220;{}&#8220;][et_pb_row column_structure=&#8220;1_4,3_4&#8243; _builder_version=&#8220;4.27.4&#8243; _module_preset=&#8220;default&#8220; width_tablet=&#8220;&#8220; width_phone=&#8220;90%&#8220; width_last_edited=&#8220;on|phone&#8220; custom_padding=&#8220;0px||0px||false|false&#8220; pac_drh_column_numbers_tablet=&#8220;pac_drh_tab_col_two&#8220; pac_drh_column_numbers_phone=&#8220;pac_drh_phone_col_two&#8220; global_colors_info=&#8220;{}&#8220; hover_enabled=&#8220;0&#8243; sticky_enabled=&#8220;0&#8243;][et_pb_column type=&#8220;1_4&#8243; _builder_version=&#8220;4.22.1&#8243; _module_preset=&#8220;default&#8220; global_colors_info=&#8220;{}&#8220;][et_pb_image src=&#8220;https://kadernictvipoezie.cz/wp-content/uploads/2025/07/hlava-bez-pozadi.png&#8220; title_text=&#8220;hlava-bez-pozadi&#8220; _builder_version=&#8220;4.27.4&#8243; _module_preset=&#8220;default&#8220; height=&#8220;150px&#8220; height_tablet=&#8220;150px&#8220; height_phone=&#8220;100px&#8220; height_last_edited=&#8220;on|phone&#8220; global_colors_info=&#8220;{}&#8220; sticky_enabled=&#8220;0&#8243;][/et_pb_image][/et_pb_column][et_pb_column type=&#8220;3_4&#8243; _builder_version=&#8220;4.27.4&#8243; _module_preset=&#8220;default&#8220; global_colors_info=&#8220;{}&#8220;][et_pb_heading title=&#8220;Stříhání s přesahem&#8220; _builder_version=&#8220;4.27.4&#8243; _module_preset=&#8220;default&#8220; title_font=&#8220;Emilys FINAL||||||||&#8220; title_font_size=&#8220;60px&#8220; module_alignment=&#8220;left&#8220; height=&#8220;150px&#8220; custom_margin=&#8220;||0px||false|false&#8220; custom_padding=&#8220;40px||0px||false|false&#8220; title_font_size_tablet=&#8220;50px&#8220; title_font_size_phone=&#8220;35px&#8220; title_font_size_last_edited=&#8220;on|phone&#8220; global_colors_info=&#8220;{}&#8220; custom_padding_phone=&#8220;30px||0px||false|false&#8220; custom_padding_last_edited=&#8220;on|phone&#8220; custom_padding_tablet=&#8220;40px||0px||false|false&#8220;][/et_pb_heading][/et_pb_column][/et_pb_row][/et_pb_section][et_pb_section fb_built=&#8220;1&#8243; _builder_version=&#8220;4.27.4&#8243; _module_preset=&#8220;default&#8220; background_color=&#8220;rgba(122,122,122,0.09)&#8220; global_colors_info=&#8220;{}&#8220;][et_pb_row _builder_version=&#8220;4.27.4&#8243; _module_preset=&#8220;default&#8220; width_tablet=&#8220;&#8220; width_phone=&#8220;90%&#8220; width_last_edited=&#8220;on|phone&#8220; hover_enabled=&#8220;0&#8243; global_colors_info=&#8220;{}&#8220; sticky_enabled=&#8220;0&#8243;][et_pb_column type=&#8220;4_4&#8243; _builder_version=&#8220;4.22.1&#8243; _module_preset=&#8220;default&#8220; global_colors_info=&#8220;{}&#8220;][et_pb_text _builder_version=&#8220;4.27.4&#8243; _module_preset=&#8220;default&#8220; hover_enabled=&#8220;0&#8243; text_font_size_tablet=&#8220;&#8220; text_font_size_phone=&#8220;13px&#8220; text_font_size_last_edited=&#8220;on|phone&#8220; global_colors_info=&#8220;{}&#8220; sticky_enabled=&#8220;0&#8243;]</p>
<p>Pokud budete chtít, můžete setkání uchopit jako určitou <strong>formu RITUÁLU</strong>, kdy si do procesu stříhání <strong>vložíte ZÁMĚR</strong>.</p>
<p>Například ukončení, odstřižení něčeho, co už nepotřebujete&#8230;</p>
<p>&nbsp;</p>
<p>Celé setkání je o vzájemné <strong>důvěře</strong>, <strong>spolupráci</strong> a případném <strong>sdílení</strong>, kde vyvstává vše co má být zvědoměno &#8211; řečeno.</p>
<p>[/et_pb_text][/et_pb_column][/et_pb_row][/et_pb_section][et_pb_section fb_built=&#8220;1&#8243; _builder_version=&#8220;4.27.4&#8243; _module_preset=&#8220;default&#8220; background_enable_color=&#8220;off&#8220; custom_margin=&#8220;0px||0px||false|false&#8220; custom_padding=&#8220;0px||0px||false|false&#8220; global_colors_info=&#8220;{}&#8220;][/et_pb_section]</p>

<p>Pokud budete chtít, můžete setkání uchopit jako určitou formu RITUÁLU, kdy si do procesu stříhání vložíte ZÁMĚR. Například ukončení, odstřižení něčeho, co už nepotřebujete&#8230; &nbsp; Celé setkání je o vzájemné důvěře, spolupráci a případném sdílení, kde vyvstává vše co má být zvědoměno &#8211; řečeno.</p>
