{"id":47,"date":"2025-09-30T11:41:35","date_gmt":"2025-09-30T09:41:35","guid":{"rendered":"https:\/\/kadernictvipoezie.ukaztowebem.cz\/?page_id=47"},"modified":"2025-10-24T10:11:02","modified_gmt":"2025-10-24T08:11:02","slug":"vice-o-mne","status":"publish","type":"page","link":"https:\/\/kadernictvipoezie.cz\/index.php\/vice-o-mne\/","title":{"rendered":"V\u00edce o mn\u011b"},"content":{"rendered":"<p>[et_pb_section fb_built=&#8220;1&#8243; _builder_version=&#8220;4.27.4&#8243; _module_preset=&#8220;default&#8220; custom_padding=&#8220;0px||0px||true|false&#8220; locked=&#8220;off&#8220; global_colors_info=&#8220;{}&#8220;][et_pb_row column_structure=&#8220;1_4,3_4&#8243; _builder_version=&#8220;4.27.4&#8243; _module_preset=&#8220;default&#8220; width_tablet=&#8220;&#8220; width_phone=&#8220;90%&#8220; width_last_edited=&#8220;on|phone&#8220; custom_padding=&#8220;0px||0px||false|false&#8220; pac_drh_column_numbers_tablet=&#8220;pac_drh_tab_col_two&#8220; pac_drh_column_numbers_phone=&#8220;pac_drh_phone_col_two&#8220; global_colors_info=&#8220;{}&#8220;][et_pb_column type=&#8220;1_4&#8243; _builder_version=&#8220;4.22.1&#8243; _module_preset=&#8220;default&#8220; global_colors_info=&#8220;{}&#8220;][et_pb_image src=&#8220;https:\/\/kadernictvipoezie.cz\/wp-content\/uploads\/2025\/07\/hlava-bez-pozadi.png&#8220; title_text=&#8220;hlava-bez-pozadi&#8220; _builder_version=&#8220;4.27.4&#8243; _module_preset=&#8220;default&#8220; height=&#8220;150px&#8220; height_tablet=&#8220;150px&#8220; height_phone=&#8220;100px&#8220; height_last_edited=&#8220;on|phone&#8220; global_colors_info=&#8220;{}&#8220;][\/et_pb_image][\/et_pb_column][et_pb_column type=&#8220;3_4&#8243; _builder_version=&#8220;4.27.4&#8243; _module_preset=&#8220;default&#8220; global_colors_info=&#8220;{}&#8220;][et_pb_heading title=&#8220;V\u00edce o mn\u011b&#8220; _builder_version=&#8220;4.27.4&#8243; _module_preset=&#8220;default&#8220; title_font=&#8220;Emilys FINAL||||||||&#8220; title_font_size=&#8220;60px&#8220; module_alignment=&#8220;left&#8220; height=&#8220;150px&#8220; custom_margin=&#8220;||0px||false|false&#8220; custom_padding=&#8220;40px||0px||false|false&#8220; custom_padding_tablet=&#8220;40px||0px||false|false&#8220; custom_padding_phone=&#8220;30px||0px||false|false&#8220; custom_padding_last_edited=&#8220;on|phone&#8220; title_font_size_tablet=&#8220;50px&#8220; title_font_size_phone=&#8220;35px&#8220; title_font_size_last_edited=&#8220;on|phone&#8220; global_colors_info=&#8220;{}&#8220;][\/et_pb_heading][\/et_pb_column][\/et_pb_row][\/et_pb_section][et_pb_section fb_built=&#8220;1&#8243; _builder_version=&#8220;4.27.4&#8243; _module_preset=&#8220;default&#8220; background_color=&#8220;rgba(122,122,122,0.09)&#8220; locked=&#8220;off&#8220; global_colors_info=&#8220;{}&#8220;][et_pb_row column_structure=&#8220;1_2,1_2&#8243; _builder_version=&#8220;4.27.4&#8243; _module_preset=&#8220;default&#8220; width_tablet=&#8220;&#8220; width_phone=&#8220;90%&#8220; width_last_edited=&#8220;on|phone&#8220; global_colors_info=&#8220;{}&#8220;][et_pb_column type=&#8220;1_2&#8243; _builder_version=&#8220;4.22.1&#8243; _module_preset=&#8220;default&#8220; global_colors_info=&#8220;{}&#8220;][et_pb_text _builder_version=&#8220;4.27.4&#8243; _module_preset=&#8220;default&#8220; text_line_height=&#8220;1.8em&#8220; hover_enabled=&#8220;0&#8243; global_colors_info=&#8220;{}&#8220; text_font_size_last_edited=&#8220;on|phone&#8220; sticky_enabled=&#8220;0&#8243; text_font_size_tablet=&#8220;15px&#8220; text_font_size_phone=&#8220;13px&#8220;]<\/p>\n<p>Mnoho let jsem na sob\u011b intenzivn\u011b pracovala. M\u00e1m za sebou spousty <strong>odblok\u016f, terapi\u00ed<\/strong> a ozdravn\u00fdch proces\u016f. Pro\u0161la jsem \u0159adu <strong>seberozvojov\u00fdch kurz\u016f a semin\u00e1\u0159\u016f<\/strong>. Hodn\u011b jsem se toho nau\u010dila a pochopila.<\/p>\n<p>Jsem za v\u0161echna tato pozn\u00e1n\u00ed vd\u011b\u010dn\u00e1.<\/p>\n<p>Nyn\u00ed u\u017e <strong>nau\u010den\u00e9 techniky<\/strong> moc <strong>nepou\u017e\u00edv\u00e1m<\/strong>. Nem\u00e1m tu pot\u0159ebu. Vn\u00edm\u00e1m, \u017ee v\u0161e se <strong>harmonizuje a lad\u00ed samo<\/strong>, kdy\u017e si zv\u011bdomuji sebe, sv\u00e9 v\u011bdom\u00e9 byt\u00ed a \u017eiju v <strong>p\u0159\u00edtomnosti<\/strong>, bez tlaku mysli.<\/p>\n<p>Do \u017eivota mi tak\u00e9 vstoupilo <strong>malov\u00e1n\u00ed<\/strong> <a href=\"https:\/\/kadernictvipoezie.cz\/index.php\/mandaly\">MANDAL<\/a>. Je to kr\u00e1sn\u00e1 <strong>meditace<\/strong>, kter\u00e1 p\u0159in\u00e1\u0161\u00ed mnohovrstevn\u00fd <strong>vhled<\/strong>, jen\u017e do mandal pronik\u00e1. Mandaly tvo\u0159\u00edm s <strong>vnit\u0159n\u00ed radost\u00ed<\/strong>.<\/p>\n<p>Dne\u0161n\u00ed dobu vn\u00edm\u00e1m jako obdob\u00ed, ve kter\u00e9m se pot\u0159ebujeme v\u00edce uv\u011bdomit. <strong>Zv\u011bdomit si <\/strong>sami sebe, <strong>svoji podstatu<\/strong>, kter\u00e1 je ve st\u00e1l\u00e9 jednot\u011b s bo\u017e\u00edm principem \u2013 Zdrojem a v\u0161eobj\u00edmaj\u00edc\u00ed L\u00e1skou.<\/p>\n<p>[\/et_pb_text][\/et_pb_column][et_pb_column type=&#8220;1_2&#8243; _builder_version=&#8220;4.27.4&#8243; _module_preset=&#8220;default&#8220; global_colors_info=&#8220;{}&#8220;][et_pb_image src=&#8220;https:\/\/kadernictvipoezie.cz\/wp-content\/uploads\/2025\/07\/1751403944221.jpg&#8220; title_text=&#8220;1751403944221&#8243; _builder_version=&#8220;4.27.4&#8243; _module_preset=&#8220;default&#8220; global_colors_info=&#8220;{}&#8220;][\/et_pb_image][\/et_pb_column][\/et_pb_row][\/et_pb_section][et_pb_section fb_built=&#8220;1&#8243; module_id=&#8220;kontakt&#8220; _builder_version=&#8220;4.27.4&#8243; _module_preset=&#8220;default&#8220; custom_padding=&#8220;0px||0px||false|false&#8220; locked=&#8220;off&#8220; global_colors_info=&#8220;{}&#8220;][\/et_pb_section]<\/p>\n","protected":false},"excerpt":{"rendered":"<p>Mnoho let jsem na sob\u011b intenzivn\u011b pracovala. M\u00e1m za sebou spousty odblok\u016f, terapi\u00ed a ozdravn\u00fdch proces\u016f. Pro\u0161la jsem \u0159adu seberozvojov\u00fdch kurz\u016f a semin\u00e1\u0159\u016f. Hodn\u011b jsem se toho nau\u010dila a pochopila. Jsem za v\u0161echna tato pozn\u00e1n\u00ed vd\u011b\u010dn\u00e1. Nyn\u00ed u\u017e nau\u010den\u00e9 techniky moc nepou\u017e\u00edv\u00e1m. Nem\u00e1m tu pot\u0159ebu. Vn\u00edm\u00e1m, \u017ee v\u0161e se harmonizuje a lad\u00ed samo, kdy\u017e si [&hellip;]<\/p>\n","protected":false},"author":1,"featured_media":0,"parent":0,"menu_order":0,"comment_status":"closed","ping_status":"closed","template":"","meta":{"_et_pb_use_builder":"on","_et_pb_old_content":"","_et_gb_content_width":"","footnotes":""},"class_list":["post-47","page","type-page","status-publish","hentry"],"_links":{"self":[{"href":"https:\/\/kadernictvipoezie.cz\/index.php\/wp-json\/wp\/v2\/pages\/47","targetHints":{"allow":["GET"]}}],"collection":[{"href":"https:\/\/kadernictvipoezie.cz\/index.php\/wp-json\/wp\/v2\/pages"}],"about":[{"href":"https:\/\/kadernictvipoezie.cz\/index.php\/wp-json\/wp\/v2\/types\/page"}],"author":[{"embeddable":true,"href":"https:\/\/kadernictvipoezie.cz\/index.php\/wp-json\/wp\/v2\/users\/1"}],"replies":[{"embeddable":true,"href":"https:\/\/kadernictvipoezie.cz\/index.php\/wp-json\/wp\/v2\/comments?post=47"}],"version-history":[{"count":16,"href":"https:\/\/kadernictvipoezie.cz\/index.php\/wp-json\/wp\/v2\/pages\/47\/revisions"}],"predecessor-version":[{"id":532,"href":"https:\/\/kadernictvipoezie.cz\/index.php\/wp-json\/wp\/v2\/pages\/47\/revisions\/532"}],"wp:attachment":[{"href":"https:\/\/kadernictvipoezie.cz\/index.php\/wp-json\/wp\/v2\/media?parent=47"}],"curies":[{"name":"wp","href":"https:\/\/api.w.org\/{rel}","templated":true}]}}

Více o mně

<p>[et_pb_section fb_built=&#8220;1&#8243; _builder_version=&#8220;4.27.4&#8243; _module_preset=&#8220;default&#8220; custom_padding=&#8220;0px||0px||true|false&#8220; locked=&#8220;off&#8220; global_colors_info=&#8220;{}&#8220;][et_pb_row column_structure=&#8220;1_4,3_4&#8243; _builder_version=&#8220;4.27.4&#8243; _module_preset=&#8220;default&#8220; width_tablet=&#8220;&#8220; width_phone=&#8220;90%&#8220; width_last_edited=&#8220;on|phone&#8220; custom_padding=&#8220;0px||0px||false|false&#8220; pac_drh_column_numbers_tablet=&#8220;pac_drh_tab_col_two&#8220; pac_drh_column_numbers_phone=&#8220;pac_drh_phone_col_two&#8220; global_colors_info=&#8220;{}&#8220;][et_pb_column type=&#8220;1_4&#8243; _builder_version=&#8220;4.22.1&#8243; _module_preset=&#8220;default&#8220; global_colors_info=&#8220;{}&#8220;][et_pb_image src=&#8220;https://kadernictvipoezie.cz/wp-content/uploads/2025/07/hlava-bez-pozadi.png&#8220; title_text=&#8220;hlava-bez-pozadi&#8220; _builder_version=&#8220;4.27.4&#8243; _module_preset=&#8220;default&#8220; height=&#8220;150px&#8220; height_tablet=&#8220;150px&#8220; height_phone=&#8220;100px&#8220; height_last_edited=&#8220;on|phone&#8220; global_colors_info=&#8220;{}&#8220;][/et_pb_image][/et_pb_column][et_pb_column type=&#8220;3_4&#8243; _builder_version=&#8220;4.27.4&#8243; _module_preset=&#8220;default&#8220; global_colors_info=&#8220;{}&#8220;][et_pb_heading title=&#8220;Více o mně&#8220; _builder_version=&#8220;4.27.4&#8243; _module_preset=&#8220;default&#8220; title_font=&#8220;Emilys FINAL||||||||&#8220; title_font_size=&#8220;60px&#8220; module_alignment=&#8220;left&#8220; height=&#8220;150px&#8220; custom_margin=&#8220;||0px||false|false&#8220; custom_padding=&#8220;40px||0px||false|false&#8220; custom_padding_tablet=&#8220;40px||0px||false|false&#8220; custom_padding_phone=&#8220;30px||0px||false|false&#8220; custom_padding_last_edited=&#8220;on|phone&#8220; title_font_size_tablet=&#8220;50px&#8220; title_font_size_phone=&#8220;35px&#8220; title_font_size_last_edited=&#8220;on|phone&#8220; global_colors_info=&#8220;{}&#8220;][/et_pb_heading][/et_pb_column][/et_pb_row][/et_pb_section][et_pb_section fb_built=&#8220;1&#8243; _builder_version=&#8220;4.27.4&#8243; _module_preset=&#8220;default&#8220; background_color=&#8220;rgba(122,122,122,0.09)&#8220; locked=&#8220;off&#8220; global_colors_info=&#8220;{}&#8220;][et_pb_row column_structure=&#8220;1_2,1_2&#8243; _builder_version=&#8220;4.27.4&#8243; _module_preset=&#8220;default&#8220; width_tablet=&#8220;&#8220; width_phone=&#8220;90%&#8220; width_last_edited=&#8220;on|phone&#8220; global_colors_info=&#8220;{}&#8220;][et_pb_column type=&#8220;1_2&#8243; _builder_version=&#8220;4.22.1&#8243; _module_preset=&#8220;default&#8220; global_colors_info=&#8220;{}&#8220;][et_pb_text _builder_version=&#8220;4.27.4&#8243; _module_preset=&#8220;default&#8220; text_line_height=&#8220;1.8em&#8220; hover_enabled=&#8220;0&#8243; global_colors_info=&#8220;{}&#8220; text_font_size_last_edited=&#8220;on|phone&#8220; sticky_enabled=&#8220;0&#8243; text_font_size_tablet=&#8220;15px&#8220; text_font_size_phone=&#8220;13px&#8220;]</p>
<p>Mnoho let jsem na sobě intenzivně pracovala. Mám za sebou spousty <strong>odbloků, terapií</strong> a ozdravných procesů. Prošla jsem řadu <strong>seberozvojových kurzů a seminářů</strong>. Hodně jsem se toho naučila a pochopila.</p>
<p>Jsem za všechna tato poznání vděčná.</p>
<p>Nyní už <strong>naučené techniky</strong> moc <strong>nepoužívám</strong>. Nemám tu potřebu. Vnímám, že vše se <strong>harmonizuje a ladí samo</strong>, když si zvědomuji sebe, své vědomé bytí a žiju v <strong>přítomnosti</strong>, bez tlaku mysli.</p>
<p>Do života mi také vstoupilo <strong>malování</strong> <a href="https://kadernictvipoezie.cz/index.php/mandaly">MANDAL</a>. Je to krásná <strong>meditace</strong>, která přináší mnohovrstevný <strong>vhled</strong>, jenž do mandal proniká. Mandaly tvořím s <strong>vnitřní radostí</strong>.</p>
<p>Dnešní dobu vnímám jako období, ve kterém se potřebujeme více uvědomit. <strong>Zvědomit si </strong>sami sebe, <strong>svoji podstatu</strong>, která je ve stálé jednotě s božím principem – Zdrojem a všeobjímající Láskou.</p>
<p>[/et_pb_text][/et_pb_column][et_pb_column type=&#8220;1_2&#8243; _builder_version=&#8220;4.27.4&#8243; _module_preset=&#8220;default&#8220; global_colors_info=&#8220;{}&#8220;][et_pb_image src=&#8220;https://kadernictvipoezie.cz/wp-content/uploads/2025/07/1751403944221.jpg&#8220; title_text=&#8220;1751403944221&#8243; _builder_version=&#8220;4.27.4&#8243; _module_preset=&#8220;default&#8220; global_colors_info=&#8220;{}&#8220;][/et_pb_image][/et_pb_column][/et_pb_row][/et_pb_section][et_pb_section fb_built=&#8220;1&#8243; module_id=&#8220;kontakt&#8220; _builder_version=&#8220;4.27.4&#8243; _module_preset=&#8220;default&#8220; custom_padding=&#8220;0px||0px||false|false&#8220; locked=&#8220;off&#8220; global_colors_info=&#8220;{}&#8220;][/et_pb_section]</p>

<p>Mnoho let jsem na sobě intenzivně pracovala. Mám za sebou spousty odbloků, terapií a ozdravných procesů. Prošla jsem řadu seberozvojových kurzů a seminářů. Hodně jsem se toho naučila a pochopila. Jsem za všechna tato poznání vděčná. Nyní už naučené techniky moc nepoužívám. Nemám tu potřebu. Vnímám, že vše se harmonizuje a ladí samo, když si [&hellip;]</p>
